s q(u)?
0
Let d(u) = -u**3 - 4*u**2 + u + 4. Let w = -24 + 28. Suppose -w = 3*y + 8. Give d(y).
0
Let a(x) be the second derivative of x**5/20 + x**4/4 - x**3/6 - 2*x. Let g = -26 - -32. Suppose 8 = g*k - 10*k. Give a(k).
6
Suppose -45 = -17*d + 23. Let q be 1 - d - 1 - 6/(-3). Let s(v) = v**3 + 2*v**2 + 2*v. Determine s(q).
-4
Let s(g) = -38*g**2 + 36*g - 51. Let z(o) = 7*o**2 - 7*o + 10. Let h(c) = 2*s(c) + 11*z(c). Determine h(4).
4
Suppose -3*x + 15 = 4*l, -7*l - 3*x = -8*l. Suppose -l*u = 13 - 16. Suppose -m - u = -2*m. Let v(p) = p - 1. Determine v(m).
0
Let x(i) = i**3 - 3*i**2 - 5*i + 2. Let z(c) = 4*c + 29. Let w be z(-8). Let d be (-2 - (-4 - w)) + 5. Determine x(d).
-2
Let q = -1714 + 1716. Let v(o) be the third derivative of 0*o - 1/24*o**4 + 1/2*o**3 + 10*o**q + 0. Determine v(3).
0
Let x(n) = -2*n + 5. Suppose 46 = 2*f - 0*k + 3*k, 3*f = 2*k + 56. Suppose 3*h + f = 8*h. Determine x(h).
-3
Let c(s) be the second derivative of -s**4/12 - s**3 + 4*s**2 - 27*s. Calculate c(-5).
13
Let s(o) = -o - 1. Let n = 75 - 71. Suppose -n*m = 4*x - 20, -x - 4*m = -2*x. Calculate s(x).
-5
Let u(z) be the first derivative of z**3/3 - z**2/2 + z + 5. Let t be 2/(-3) - 60/45. What is u(t)?
7
Suppose 84 = -5*x + 94. Let u(q) = -x + 3 + 5 - 3*q. Give u(-5).
21
Let u(q) = -q + 3. Let r(v) = -v**3 - 10*v**2 - 23*v - 3. Let k be r(-7). Calculate u(k).
-8
Let j(s) be the third derivative of s**6/720 + s**5/8 + s**4/8 - 9*s**2. Let u(z) be the second derivative of j(z). What is u(-8)?
7
Let z(o) = 2*o + 8*o + 3 - 2*o**2 + 6*o**2 - 5*o**2. Determine z(9).
12
Let k(u) = 15*u**3 - u**2 + 1. Let q be (-18)/9 - (-18)/6. What is k(q)?
15
Suppose 118*p = 132*p - 14. Let y(o) = o**3 + o**2 + o - 1. Give y(p).
2
Let z(c) = 148 + 4*c - 146 - 3*c**2 - 6*c - 4*c**2 + 4*c**2. Suppose -4*o = 5*n - 33 - 1, -2*o + 2*n = -8. Let j = -4 + o. Calculate z(j).
-14
Let f(b) = 28*b + 1. Suppose 3*q + 637 = 640. Calculate f(q).
29
Let w(n) = -13*n - 4. Let d(c) be the third derivative of c**4/3 + c**3/2 + 31*c**2. Let o(y) = 8*d(y) + 5*w(y). Give o(5).
-1
Let l = -1135 - -1137. Let r(k) = -5*k + 6. Calculate r(l).
-4
Let g(y) = -2*y - 24. Let p be g(-13). Let i(d) = p*d - 3*d - d - 5. Give i(-6).
7
Let i(m) = -m**3 + 2*m**2 + 6*m + 8. Suppose 2*p = -z + 6, -20*p - 11 = -4*z - 15*p. Determine i(z).
0
Let z(a) = 5*a + 3. Let m = -35 - -33. Calculate z(m).
-7
Let f(n) be the second derivative of 0 + 1/12*n**4 - 6*n - n**2 + n**3. Suppose 9*p - p = -56. What is f(p)?
5
Suppose -20 = -4*v - 5*i, 5*v + 20 = 3*i + 2*i. Suppose 0 = 5*r - r, -4*l - 5*r = v. Let m(p) = l*p + 0*p + 9*p. What is m(1)?
9
Let v = -444 + 447. Let i(m) = -4*m + 3. Calculate i(v).
-9
Let c(w) = -2 + 6 + 5*w**3 - 2 - 3*w**2 - 4*w**3. Calculate c(3).
2
Suppose 43 = 7*x + 50. Let f(q) = 32*q - 1. Calculate f(x).
-33
Suppose 3*s = 6*s - 21. Let f = s - 4. Let r(j) = -f*j + 0 - 6 + 0. Give r(-5).
9
Let j(y) = y - 3. Let k be j(7). Let u be (-36)/(-21) - k/(-14). Let n(g) be the first derivative of g**2 + g + 173. Give n(u).
5
Let l(q) be the second derivative of q**5/60 - 7*q**4/24 + q**3/3 + 9*q**2/2 - 2*q. Let b(w) be the first derivative of l(w). Determine b(5).
-8
Let c(k) = k**3 + 4*k**2 + 2*k - 2. Suppose -4 = 3*t - 10. Suppose r + t*g = 0, 3*r - 4*r - 1 = g. What is c(r)?
2
Let o(k) = -15688*k**3 + 15689*k**3 - 2*k + 2*k + 3*k**2 + 0 + 3. Suppose -3*h + 2*f - 17 = 0, 4*f - 1 = 15. Let c be 10/(-3) + (-1)/h. Give o(c).
3
Let c be 1276/154 - 2/7. Suppose -6*x + 2 - c = 0. Let z(l) = 5*l**2 + 1. Calculate z(x).
6
Let k(d) = d**2 - d - 1. Suppose -26*p + 47*p = 42. Suppose 0 = -0*b - b. Suppose -t + 6*t - p*a + 4 = b, -t - 4*a = 14. Determine k(t).
5
Let z = 24 + -5. Suppose -5 - z = 4*f. Let l(t) = -t**2 - 8*t + 2. Determine l(f).
14
Let h(g) = -4*g**3 + 25*g**2 - 8*g - 17. Let j(o) = -5*o**3 + 29*o**2 - 9*o - 18. Let s(d) = -6*h(d) + 5*j(d). Give s(-5).
-3
Suppose -4*f + 21 = 3*j + 18, 2*j = -5*f + 9. Let g(y) = 3*y**2 + 3*y - 4. What is g(f)?
32
Let k(i) = i**2 + i + 6. Let x be (-630)/(-10)*(-2)/(-6). Let v = x - 21. Suppose v = 16*b - 15*b. Calculate k(b).
6
Suppose 0 = -4*h - 45 + 13. Let r(x) = -2*x - 10. Let i(z) = -4*z - 18. Let c(g) = -5*i(g) + 9*r(g). Give c(h).
-16
Let i(w) = -9*w + 2. Let x = -149 - -151. Calculate i(x).
-16
Let j be -4 + 2 - (-2 + 5). Let o be -5*(17/j - -3). Let z(q) = -q**o - q**3 + q - 2 - 4*q + q**3 + q**3. What is z(-2)?
-8
Suppose 0*y - 4*y - 5*z + 28 = 0, 5*z - 10 = 5*y. Let o be (132/6)/(y/5). Let d(t) = o*t - 56*t + 3 + 1. Calculate d(3).
1
Suppose -w = 10*w - 22. Let r(i) = w*i + 4*i**2 - 4 - 5*i**2 - 8*i. What is r(-4)?
4
Suppose 20 = -5*w, 2*h - h = w. Let p(z) = 2792*z - 1398*z + 2 + 2 - 1393*z. Calculate p(h).
0
Suppose 12 = -30*w + 72. Let l(n) = -3*n**2 + n + 3. Give l(w).
-7
Let i(x) = 2*x - 4. Suppose -18 = m + 4*q, -q + 1 = 4*m - 2. Let r(j) = j**3 + 2*j - 1 - 3*j - 7*j**2 + 0*j + m*j. Let c be r(7). What is i(c)?
8
Suppose 167 - 50 = 9*v. Let z(m) = -m**2 + 15*m - 32. Calculate z(v).
-6
Let p = -10 - -16. Let a(y) = -4556 + 13*y**2 - y**3 - 7*y**2 - 2*y + 4564. What is a(p)?
-4
Suppose 10*p = 9*p - 27. Let i = 21 + p. Let k(b) = b**2 + 3*b - 6. Let m(v) = v**2 + 4*v - 6. Let o(c) = -2*k(c) + 3*m(c). Determine o(i).
-6
Let i(c) = -4*c**2 - 2*c + 16. Let x be i(-3). Let f(y) = -y**2 - 13*y + 9. Calculate f(x).
-5
Suppose -3*j + 4*v + 4 = -14, 0 = -j - v - 1. Let g(n) be the first derivative of -j*n - 5/2*n**2 + 5. What is g(-2)?
8
Let r(u) = -31 + 6*u - 25 + 63. Let q(y) = 2*y + 2. Let j(l) = -14*q(l) + 4*r(l). Determine j(4).
-16
Let h(i) = i - 5. Suppose -w + 2*r = -42, -w - w - 4*r = -84. Let p = w + -38. Calculate h(p).
-1
Suppose 0 = -2*x - 2*x - 24. Let o(v) be the first derivative of v**2/2 + 8*v + 579. What is o(x)?
2
Let n = -8 - -7. Let r(o) be the third derivative of -1/30*o**6 + 0*o**5 + 0 - 1/24*o**4 - 5*o**2 - 1/6*o**3 + 0*o. Calculate r(n).
4
Let s(p) be the third derivative of -5/24*p**4 + 0*p + 1/60*p**5 + 2/3*p**3 - 9*p**2 + 0. What is s(4)?
0
Let j(q) = 2*q**2 - 2*q. Let d be j(-1). Let p(l) = -l - d + 0*l - 5 + 0*l. Give p(0).
-9
Let k(d) = -2 - 1 - 6*d + 0. Suppose -b = -3*z + 4, -4*b = -z + 14 + 2. Suppose z = -2*s - 3 - 1. Give k(s).
9
Let v(b) be the second derivative of -b**3/3 - b**2 - 6*b. Suppose 13 - 58 = 3*t. Let o be -1 + t/6*2. Determine v(o).
10
Let j(a) = 3*a + 1 - 4*a + 2*a + 0*a. Suppose 4*z + 2*v + 42 - 8 = 0, 1 = 2*z - 5*v. Let i = z - -3. What is j(i)?
-3
Let y(p) = -4*p**2 - 1. Let j(i) = 3*i**3 - 12*i**2 + i - 3. Let b be j(4). What is y(b)?
-5
Suppose m + 8 = -5*v - 6, -40 = 4*m + 4*v. Let q(k) be the second derivative of k**5/20 + 3*k**4/4 - k**3/6 - 9*k**2/2 + 3*k. Calculate q(m).
0
Let y(p) = -7*p - 1. Let w(v) = -v - 6. Let q = 19 - -3. Suppose -q = 4*z - 2. Let r be w(z). Determine y(r).
6
Let l(s) be the third derivative of -s**6/120 - 11*s**5/60 - 3*s**4/8 + 13*s**3/6 + 3*s**2 - 4. Determine l(-10).
3
Let c(a) = -a**3 - 4*a**2 - a - 3. Let t be c(-4). Let w(y) = y**2 + 2*y - 36. Let x be w(-8). Let o(i) = 20 - x - 6*i - 9. What is o(t)?
-7
Let u(x) = x - 3. Suppose -2*y + 1 = k, 5*y = k + 4*k + 25. Suppose -8*a + 36 = -y*a. Determine u(a).
3
Let l(y) = -y**3 - 20*y**2 - 19*y - 3. Let x(n) = -6*n - 67. Let j be x(-8). Determine l(j).
-3
Let d be (2/(-6))/((-5)/45). Let j(c) = -3 + 0 + c + 2 - 3. What is j(d)?
-1
Let u(d) = -5*d - 4. Let n(k) = -10*k + 119 - k - 128. Let w(v) = -4*n(v) + 9*u(v). Suppose m - 3 = 1. Determine w(m).
-4
Let q(k) = 12*k + 320. Let h be q(-27). Let f(j) = -j - 5. Determine f(h).
-1
Suppose w - 10 = 4*w + r, 5*w = -5*r. Let h(v) = 17*v**2 + 17*v + 9. Let s(z) = 7*z**2 + 8*z + 5. Let n(o) = -2*h(o) + 5*s(o). What is n(w)?
2
Let g(q) = 0*q + 0*q + 5 - q. Suppose -45*d = 11*d - 224. Give g(d).
1
Let f(h) = -h**3 + 2*h**2 - 2*h - 2. Let z be 4/5*(-135)/(-18). Let l be z + 4*(-2)/2. Determine f(l).
-6
Let b(t) = -7*t + 10. Let v(q) = -2*q + 1. Let l = -73 - -74. Let x(h) = l*b(h) - 2*v(h). Determine x(6).
-10
Let o(l) = -6*l**3 + 4*l**2 - 3*l. Suppose 8*r - 226 + 210 = 0. Calculate o(r).
-38
Let a(p) be the first derivative of 0*p**2 + 1/3*p**3 - p + 1/4*p**4 - 4. Let d(o) = o**3 + o - 1. Let h(k) = 2*a(k) - d(k). Calculate h(-1).
1
Let o(f) = -f**2 - f. Let s(i) = 3*i**2 - 4*i. Let r(v) = -2*o